2020220122112 + 12?
22012020220122201
In base 12, what is -1a - 4793267?
-4793285
In base 12, what is 2 - -8944b79?
8944b7b
In base 7, what is -31324326 + 126?
-31324200
In base 4, what is -332 + 3130132?
3123200
In base 10, what is -879924888 + 1?
-879924887
In base 3, what is -11012 - 10020110120221?
-10020110202010
In base 13, what is 55 + 35b5b?
35bb3
In base 11, what is 13a2 - 18754?
-17362
In base 5, what is 303443211 - -132?
303443343
In base 6, what is 3012 - 15031521?
-15024505
In base 6, what is 4145 - 1340341?
-1332152
In base 11, what is -308a85a92 + -4?
-308a85a96
In base 12, what is 1570b - -6268?
1b977
In base 8, what is -420423 + 102?
-420321
In base 9, what is -52724 + 2406?
-50317
In base 7, what is -1636333 - 5645?
-1645311
In base 13, what is -23 + 34264?
34241
In base 11, what is -70399 - 892?
-71180
In base 7, what is -6023 + -4631?
-13654
In base 10, what is -2559 + 4127?
1568
In base 6, what is -2101 + 2253201?
2251100
In base 11, what is -5 + 28927a6?
28927a1
In base 11, what is 5829 + -15388?
-a65a
In base 6, what is 41223 + -413?
40410
In base 7, what is 3 + 14103453?
14103456
In base 2, what is 1 - -1011011111001000111000010001?
1011011111001000111000010010
In base 13, what is -298 + 4544?
4279
In base 6, what is 1412223 - 1045?
1411134
In base 16, what is -17b - 284?
-3ff
In base 9, what is 233 - -51458?
51702
In base 3, what is -12210 - -11011011221201?
11011011201221
In base 5, what is 33320011244 - 0?
33320011244
In base 2, what is -1111100110100110 - -101101100?
-1111100000111010
In base 10, what is 4 + -721522?
-721518
In base 15, what is 29 + -6a97d3?
-6a97a9
In base 10, what is -17916438 + 10?
-17916428
In base 2, what is 11100 - -11101011010101010010110?
11101011010101010110010
In base 11, what is 8240820 - -2?
8240822
In base 4, what is 132020011110111 + -11?
132020011110100
In base 6, what is 3254 - 102424341?
-102421043
In base 4, what is -233212331310322 - 1?
-233212331310323
In base 7, what is -12 - 16563465?
-16563510
In base 9, what is 1006 + 254368?
255375
In base 13, what is 5 - 1025c34?
-1025c2c
In base 10, what is 1025 - 1275493?
-1274468
In base 9, what is 4 + 223805380?
223805384
In base 5, what is 102124334 - -21?
102124410
In base 10, what is -10438 + 1633?
-8805
In base 16, what is -15 + 4a17?
4a02
In base 8, what is 253650 - -617?
254467
In base 16, what is 5d21 + bda?
68fb
In base 16, what is -43b8c6 + -137?
-43b9fd
In base 7, what is 1241254 + 2055?
1243342
In base 14, what is -8b131 - -123?
-8b00c
In base 3, what is -21210002101111222 + 1?
-21210002101111221
In base 3, what is -11 - 10110002222110?
-10110002222121
In base 7, what is 112023 - -25304?
140330
In base 14, what is 366 - 85b26?
-857a0
In base 3, what is -11201201011 + 1021?
-11201122220
In base 12, what is -4 - 1491aa8?
-1491ab0
In base 14, what is 376660c + -3?
3766609
In base 13, what is -11c + 232578?
232459
In base 3, what is 10000222 - -11112212?
21120211
In base 5, what is -3234 + -1400443?
-1404232
In base 16, what is -421b + -39?
-4254
In base 4, what is -113 - -123133232?
123133113
In base 13, what is -11c82b8 - -5?
-11c82b3
In base 2, what is 10011 + -10001110010000001010010?
-10001110010000000111111
In base 16, what is -40f90 - -77?
-40f19
In base 3, what is 1120211122012 - 1220?
1120211120022
In base 5, what is 1 - -302142203201?
302142203202
In base 14, what is 2090b8 - 2c?
20908a
In base 7, what is -416 + 11123540?
11123121
In base 6, what is 113105 + 5554?
123103
In base 8, what is 61236117 + -47?
61236050
In base 15, what is -deba + 3b5?
-db05
In base 4, what is 22 - 103201320312?
-103201320230
In base 15, what is 14c - -5ac0c?
5ad59
In base 3, what is 110001011020 - -10120120?
110011201210
In base 10, what is -88923 - 2?
-88925
In base 2, what is -10110010 - -101001000100010001?
101001000001011111
In base 13, what is 5c26 + 16?
5c3c
In base 3, what is -200002201 + 10001110?
-120001021
In base 4, what is 1 + -103001131202?
-103001131201
In base 3, what is 20112212111001 - 0?
20112212111001
In base 8, what is -3 - 2045055?
-2045060
In base 6, what is -310353 + -414?
-311211
In base 5, what is 223334230 - -32?
223334312
In base 5, what is 22313404 - 13133?
22300221
In base 7, what is 426143004 - -10?
426143014
In base 10, what is 46568200 + -4?
46568196
In base 4, what is -12332332 + -12032?
-13011030
In base 9, what is -4 - 17806733?
-17806737
In base 3, what is -12 - -10011211001101010?
10011211001100221
In base 5, what is -4 + -13023013034?
-13023013043
In base 12, what is 7072 - -76b?
7821
In base 15, what is -5c533 - 25?
-5c558
In base 8, what is 105 - 6277?
-6172
In base 16, what is -45c579 + 4?
-45c575
In base 13, what is -4bba1 - 1631?
-50502
In base 5, what is -1101002 - 4101?
-1110103
In base 12, what is 40b - -15a4a?
16259
In base 6, what is 0 - 2233202425?
-2233202425
In base 6, what is -2 - 4302243251?
-4302243253
In base 6, what is -4305130105 + -1?
-4305130110
In base 16, what is -472704 + 2?
-472702
In base 6, what is 151555511 + -1?
151555510
In base 7, what is -32460424 - -4?
-32460420
In base 4, what is 300323022101 + -11?
300323022030
In base 6, what is 221 - -544321330?
544321551
In base 11, what is -19 + a248250?
a248232
In base 4, what is 1102232 - 110210?
332022
In base 6, what is -154 - -52455332?
52455134
In base 2, what is -1001001011101001110101111001 - 0?
-1001001011101001110101111001
In base 4, what is 113 - -11311203000?
11311203113
In base 11, what is -25 - 59365?
-5938a
In base 16, what is -21eabe + 2?
-21eabc
In base 9, what is 3 + -5854457?
-5854454
In base 8, what is -3056445 - 0?
-3056445
In base 10, what is -244170 + 267?
-243903
In base 9, what is 1340810220 - -5?
1340810225
In base 2, what is 1111111010001111 + -10110001?
1111110111011110
In base 11, what is -189 + -507354?
-507532
In base 14, what is -2 + 2c50295?
2c50293
In base 10, what is 26 - 14308641?
-14308615
In base 13, what is -3 - -3886a4b3?
3886a4b0
In base 9, what is -376 - -133326?
132840
In base 10, what is -130 + -334870?
-335000
In base 9, what is 4586844 - 7?
4586836
In base 12, what is 3 + -4927789?
-4927786
In base 8, what is 43645 + 2751?
46616
In base 6, what is 154 - 1304101?
-1303503
In base 11, what is 273a888 + 5?
273a892
In base 4, what is 10020101323 - 10?
10020101313
In base 14, what is -110b44 + -93?
-110bd7
In base 6, what is 43030240 - 30?
43030210
In base 7, what is 331656 + -15361?
313265
In base 9, what is 20718200 - -4?
20718204
In base 14, what is -1b7 - 1b5607?
-1b57c0
In base 6, what is 2355535 - -140?
2400115
In base 5, what is 1003041 + 24312?
1032403
In base 16, what is 1714 - 201?
1513
In base 7, what is -566116216 + -10?
-566116226
In base 7, what is -110500354 + 4?
-110500350
In base 7, what is -301156 - 3055?
-304244
In base 14, what is 70245 + 304?
70549
In base 5, what is 10313004420 + 3?
10313004423
In base 16, what is -3 + -65357?
-6535a
In base 5, what is -3130221 - 3312?
-3134033
In base 13, what is 3 - 12a78a9?
-12a78a6
In base 15, what is -71587 + -1b?
-715a3
In base 13, what is -218 + -3b8348?
-3b8563
In base 16, what is -35506 + -1c?
-35522
In base 14, what is 5dbb5 - -c1?
5dc96
In base 9, what is -526660 - 3?
-526663
In base 15, what is -96a7a - 72?
-96aec
In base 4, what is -3 - -2210233322301?
2210233322232
In base 2, what is -1001000100110000011001000101 + 10?
-1001000100110000011001000011
In base 2, what is -1100 - 1011001011111011010?
-1011001011111100110
In base 3, what is -20210211102122 + 10?
-20210211102112
In base 12, what is 185 - 2423?
-225a
In base 16, what is a4ab93 - -5?
a4ab98
In base 6, what is -52232 - 550140?
-1042412
In base 2, what is 1100010101 - -1011100?
1101110001
In base 9, what is -40 + -3124050?
-3124100
In base 10, what is -8083996 + 39?
-8083957
In base 10, what is -9657219 - -17?
-9657202
In base 11, what is 417233895 + 3?
417233898
In base 4, what is -21310223021 - -22?
-21310222333
In base 16, what is -d + 1b076?
1b069
In base 9, what is -2036 - -7260?
5223
In base 10, what is 12919905 - -4?
12919909
In base 7, what is -13342 + 2461?
-10551
In base 9, what is -5 + 287061783?
287061777
In base 10, what is 0 - -21532505?
21532505
In base 2, what is -111011100010011001001110101 + 1?
-111011100010011001001110100
In base 14, what is -3